{"id":44,"date":"2021-12-10T07:04:16","date_gmt":"2021-12-10T07:04:16","guid":{"rendered":"https:\/\/tulalunew.rvpb.ch\/?page_id=44"},"modified":"2026-08-19T08:31:39","modified_gmt":"2026-08-19T08:31:39","slug":"programme","status":"publish","type":"page","link":"https:\/\/tulalu.ch\/?page_id=44","title":{"rendered":"Programme"},"content":{"rendered":"<p>[et_pb_section fb_built=&#8221;1&#8243; _builder_version=&#8221;4.16&#8243; _module_preset=&#8221;default&#8221; global_colors_info=&#8221;{}&#8221;][et_pb_row column_structure=&#8221;3_4,1_4&#8243; _builder_version=&#8221;4.16&#8243; _module_preset=&#8221;default&#8221; global_colors_info=&#8221;{}&#8221;][et_pb_column type=&#8221;3_4&#8243; _builder_version=&#8221;4.16&#8243; _module_preset=&#8221;default&#8221; global_colors_info=&#8221;{}&#8221;][et_pb_text _builder_version=&#8221;4.27.6&#8243; _module_preset=&#8221;default&#8221; text_font=&#8221;||||||||&#8221; global_colors_info=&#8221;{}&#8221;]<\/p>\n<h1><strong><span style=\"color: #333399;\">Programme de septembre \u00e0 d\u00e9cembre 2026<br \/><\/span><\/strong><\/h1>\n<p>[\/et_pb_text][et_pb_text disabled_on=&#8221;off|off|off&#8221; _builder_version=&#8221;4.27.6&#8243; _module_preset=&#8221;default&#8221; global_colors_info=&#8221;{}&#8221;]<\/p>\n<p><span style=\"color: #000080;\"><b>D\u00e9couvrez ici notre nouveau programme de septembre \u00e0 d\u00e9cembre 2026. Au plaisir de vous retrouver \u00e0 nos rencontres !<\/b><\/span><\/p>\n<p>[\/et_pb_text][\/et_pb_column][et_pb_column type=&#8221;1_4&#8243; _builder_version=&#8221;4.16&#8243; _module_preset=&#8221;default&#8221; global_colors_info=&#8221;{}&#8221;][\/et_pb_column][\/et_pb_row][et_pb_row column_structure=&#8221;3_5,2_5&#8243; disabled_on=&#8221;off|off|off&#8221; _builder_version=&#8221;4.27.5&#8243; _module_preset=&#8221;default&#8221; global_colors_info=&#8221;{}&#8221;][et_pb_column type=&#8221;3_5&#8243; _builder_version=&#8221;4.27.0&#8243; _module_preset=&#8221;default&#8221; global_colors_info=&#8221;{}&#8221;][et_pb_text disabled_on=&#8221;off|off|off&#8221; _builder_version=&#8221;4.27.6&#8243; _module_preset=&#8221;default&#8221; hover_enabled=&#8221;0&#8243; global_colors_info=&#8221;{}&#8221; sticky_enabled=&#8221;0&#8243;]<\/p>\n<h4><span style=\"color: #000080;\"><strong>Jeudi 24 septembre 2026, 19 h<\/strong><\/span><\/h4>\n<p><strong>Jeanne Perrin<\/strong> aborde les litt\u00e9ratures de l\u2019imaginaire et d\u00e9voile sa s\u00e9rie <em>La Noire essence <\/em>(PVH \u00e9ditions). St\u00e9phane Bovon illustre l\u2019\u00e9chapp\u00e9e et Catherine Fattebert tient la barre.<\/p>\n<p>O<em>\u00f9 ? : Mus\u00e9e de la Machine \u00e0 Ecrire, Rue des Terreaux 18b, 1003 Lausanne (<a href=\"https:\/\/maps.app.goo.gl\/9Guga35XzsbUd1SW9\" target=\"_blank\" rel=\"noopener\">voir sur Google Maps<\/a>)<\/em><\/p>\n<p>&nbsp;<\/p>\n<p>&nbsp;<\/p>\n<h4><span style=\"color: #000080;\"><strong>Lundi 26 octobre 2026, 19 h<\/strong><\/span><\/h4>\n<p>Nous partons en Afrique du Nord avec <strong>Lolv\u00e9 Tillmanns<\/strong> et son roman <em>Colon ne s\u2019\u00e9crit pas au f\u00e9minin<\/em> (Cousu mouche, 2026). L\u2019artiste visuelle C\u00e9line Burnand expose des images faisant \u00e9cho au texte. Cyril D\u00e9praz, journaliste et auteur du podcast \u00ab\u00a0Nos esclaves\u00a0\u00bb, encadre la rencontre.<\/p>\n<p><em>O\u00f9 ? : Bibliomedia, Rue Dr C\u00e9sar-Roux 34, 1005 Lausanne<\/em><em>\u00a0<\/em><em>(<a href=\"https:\/\/maps.app.goo.gl\/ngrPgDPRprnLoPt79\" target=\"_blank\" rel=\"noopener\">voir sur Google Maps<\/a>)<\/em><\/p>\n<p>&nbsp;<\/p>\n<p>&nbsp;<\/p>\n<h4><strong><span style=\"color: #000080;\">Lundi 16 novembre 2026, 18 h 30<\/span><\/strong><\/h4>\n<p>En partenariat avec le Centre de traduction litt\u00e9raire de Lausanne, nous recevons l\u2019\u00e9crivain et po\u00e8te <strong>Francesco Micieli<\/strong> et son traducteur <strong>Christian Viredaz<\/strong>. Lucie Tardin \u00e9voque avec eux plusieurs \u0153uvres qui les r\u00e9unissent.<\/p>\n<p><em>O\u00f9 ? : Cercle litt\u00e9raire de Lausanne, Pl. Saint-Fran\u00e7ois 7, 1003 Lausanne <\/em><em>(<a href=\"https:\/\/maps.app.goo.gl\/1n4qzW42781DD2SH8\" target=\"_blank\" rel=\"noopener\">voir sur Google Maps<\/a>)<\/em><\/p>\n<p>&nbsp;<\/p>\n<p>&nbsp;<\/p>\n<h4><span style=\"color: #000080;\"><strong>Jeudi 10 d\u00e9cembre 2026, 18 h 30<\/strong><\/span><\/h4>\n<p>Nous nous arr\u00eatons chez C.F. Ramuz pour d\u00e9couvrir <em>Rouille<\/em> de <strong>Camille Leyvraz<\/strong> (La Veilleuse, 2025) et <em>Sillons<\/em> de <strong>Bertrand Schmid<\/strong> (La Baconni\u00e8re, 2026). Salom\u00e9 Kiner assure l\u2019animation.<\/p>\n<p><em>O\u00f9 ? : La Muette \u2013 espaces litt\u00e9raires, Chem. Davel 2, 1009 Pully<\/em><em>\u00a0<\/em><em><\/em><em>(<a href=\"https:\/\/maps.app.goo.gl\/Hv3JrpF2a8BTZyYj8\" target=\"_blank\" rel=\"noopener\">voir sur Google Maps<\/a>)<\/em><\/p>\n<p>[\/et_pb_text][\/et_pb_column][et_pb_column type=&#8221;2_5&#8243; _builder_version=&#8221;4.27.0&#8243; _module_preset=&#8221;default&#8221; global_colors_info=&#8221;{}&#8221;][et_pb_image src=&#8221;https:\/\/tulalu.ch\/wp-content\/uploads\/2026\/08\/Jeanne-Perrin-copyright-Mario-Del-Curto.jpg&#8221; title_text=&#8221;Jeanne Perrin copyright Mario Del Curto&#8221; show_in_lightbox=&#8221;on&#8221; align=&#8221;center&#8221; disabled_on=&#8221;off|off|off&#8221; _builder_version=&#8221;4.27.6&#8243; _module_preset=&#8221;default&#8221; module_alignment=&#8221;center&#8221; height=&#8221;257px&#8221; custom_margin=&#8221;||6px|||&#8221; hover_enabled=&#8221;0&#8243; global_colors_info=&#8221;{}&#8221; sticky_enabled=&#8221;0&#8243;][\/et_pb_image][et_pb_text disabled_on=&#8221;off|off|off&#8221; _builder_version=&#8221;4.27.6&#8243; _module_preset=&#8221;default&#8221; hover_enabled=&#8221;0&#8243; global_colors_info=&#8221;{}&#8221; sticky_enabled=&#8221;0&#8243;]<\/p>\n<p style=\"text-align: center;\">\u00a9 Mario Del Curto<\/p>\n<p>[\/et_pb_text][et_pb_image src=&#8221;https:\/\/tulalu.ch\/wp-content\/uploads\/2026\/08\/Lolve-Tillmanns-\u00a9-Jay-Louvion-DSCF0024-scaled-1.jpg&#8221; title_text=&#8221;Lolv\u00e9 Tillmanns \u00a9 Jay Louvion DSCF0024-scaled&#8221; show_in_lightbox=&#8221;on&#8221; align=&#8221;center&#8221; disabled_on=&#8221;off|off|off&#8221; _builder_version=&#8221;4.27.6&#8243; _module_preset=&#8221;default&#8221; height=&#8221;270px&#8221; custom_margin=&#8221;||6px|||&#8221; hover_enabled=&#8221;0&#8243; global_colors_info=&#8221;{}&#8221; sticky_enabled=&#8221;0&#8243;][\/et_pb_image][et_pb_text disabled_on=&#8221;off|off|off&#8221; _builder_version=&#8221;4.27.6&#8243; _module_preset=&#8221;default&#8221; hover_enabled=&#8221;0&#8243; global_colors_info=&#8221;{}&#8221; sticky_enabled=&#8221;0&#8243;]<\/p>\n<p style=\"text-align: center;\">\u00a9 Jay Louvion<\/p>\n<p>[\/et_pb_text][et_pb_image src=&#8221;https:\/\/tulalu.ch\/wp-content\/uploads\/2026\/08\/Francesco-Micieli-P1100029-scaled.jpg&#8221; title_text=&#8221;Francesco Micieli P1100029&#8243; show_in_lightbox=&#8221;on&#8221; align=&#8221;center&#8221; _builder_version=&#8221;4.27.6&#8243; _module_preset=&#8221;default&#8221; height=&#8221;198px&#8221; custom_margin=&#8221;||12px|||&#8221; hover_enabled=&#8221;0&#8243; global_colors_info=&#8221;{}&#8221; width=&#8221;100%&#8221; max_width=&#8221;100%&#8221; sticky_enabled=&#8221;0&#8243;][\/et_pb_image][et_pb_text _builder_version=&#8221;4.27.6&#8243; _module_preset=&#8221;default&#8221; custom_margin=&#8221;-2px|||||&#8221; hover_enabled=&#8221;0&#8243; global_colors_info=&#8221;{}&#8221; sticky_enabled=&#8221;0&#8243;]<\/p>\n<p style=\"text-align: center;\">\u00a9 Keystone<\/p>\n<p>[\/et_pb_text][et_pb_image src=&#8221;https:\/\/tulalu.ch\/wp-content\/uploads\/2026\/08\/Au-Marche-de-la-poesie-place-Saint-Sulpice-2026-06-07-Pascal-Cottin-scaled.jpg&#8221; title_text=&#8221;Au March\u00e9 de la po\u00e9sie, place Saint-Sulpice, 2026-06-07 Pascal Cottin&#8221; show_in_lightbox=&#8221;on&#8221; align=&#8221;center&#8221; _builder_version=&#8221;4.27.6&#8243; _module_preset=&#8221;default&#8221; height=&#8221;261px&#8221; custom_margin=&#8221;||12px|||&#8221; hover_enabled=&#8221;0&#8243; locked=&#8221;off&#8221; global_colors_info=&#8221;{}&#8221; sticky_enabled=&#8221;0&#8243;][\/et_pb_image][et_pb_text _builder_version=&#8221;4.27.6&#8243; _module_preset=&#8221;default&#8221; custom_margin=&#8221;-2px|||||&#8221; hover_enabled=&#8221;0&#8243; global_colors_info=&#8221;{}&#8221; sticky_enabled=&#8221;0&#8243;]<\/p>\n<p style=\"text-align: center;\">\u00a9 Pascal Cottin<\/p>\n<p>[\/et_pb_text][et_pb_image src=&#8221;https:\/\/tulalu.ch\/wp-content\/uploads\/2026\/08\/Camille-Leyvraz-3c1050d3-9cdc-414b-9fed-efa3ea80cb82-scaled.jpg&#8221; title_text=&#8221;Camille Leyvraz 3c1050d3-9cdc-414b-9fed-efa3ea80cb82&#8243; show_in_lightbox=&#8221;on&#8221; align=&#8221;center&#8221; _builder_version=&#8221;4.27.6&#8243; _module_preset=&#8221;default&#8221; height=&#8221;300px&#8221; custom_margin=&#8221;||12px|||&#8221; hover_enabled=&#8221;0&#8243; locked=&#8221;off&#8221; global_colors_info=&#8221;{}&#8221; sticky_enabled=&#8221;0&#8243;][\/et_pb_image][et_pb_text _builder_version=&#8221;4.27.6&#8243; _module_preset=&#8221;default&#8221; custom_margin=&#8221;-2px|||||&#8221; hover_enabled=&#8221;0&#8243; global_colors_info=&#8221;{}&#8221; sticky_enabled=&#8221;0&#8243;]<\/p>\n<p style=\"text-align: center;\">\u00a9\u00a0<\/p>\n<p>[\/et_pb_text][et_pb_image src=&#8221;https:\/\/tulalu.ch\/wp-content\/uploads\/2026\/08\/Bertrand_Schmid_\u00a9-Anne-Bichsel-2016_1-scaled.jpg&#8221; title_text=&#8221;Bertrand_Schmid_\u00a9 Anne Bichsel, 2016_1&#8243; show_in_lightbox=&#8221;on&#8221; align=&#8221;center&#8221; _builder_version=&#8221;4.27.6&#8243; _module_preset=&#8221;default&#8221; height=&#8221;243px&#8221; custom_margin=&#8221;||12px|||&#8221; hover_enabled=&#8221;0&#8243; locked=&#8221;off&#8221; global_colors_info=&#8221;{}&#8221; sticky_enabled=&#8221;0&#8243;][\/et_pb_image][et_pb_text _builder_version=&#8221;4.27.6&#8243; _module_preset=&#8221;default&#8221; custom_margin=&#8221;-2px|||||&#8221; hover_enabled=&#8221;0&#8243; global_colors_info=&#8221;{}&#8221; sticky_enabled=&#8221;0&#8243;]<\/p>\n<p style=\"text-align: center;\">\u00a9 Anne Bichsel<\/p>\n<p>[\/et_pb_text][\/et_pb_column][\/et_pb_row][\/et_pb_section]<\/p>\n","protected":false},"excerpt":{"rendered":"<p>Programme de septembre \u00e0 d\u00e9cembre 2026D\u00e9couvrez ici notre nouveau programme de septembre \u00e0 d\u00e9cembre 2026. Au plaisir de vous retrouver \u00e0 nos rencontres !Jeudi 24 septembre 2026, 19 h Jeanne Perrin aborde les litt\u00e9ratures de l\u2019imaginaire et d\u00e9voile sa s\u00e9rie La Noire essence (PVH \u00e9ditions). St\u00e9phane Bovon illustre l\u2019\u00e9chapp\u00e9e et Catherine Fattebert tient la barre. [&hellip;]<\/p>\n","protected":false},"author":1,"featured_media":0,"parent":0,"menu_order":0,"comment_status":"closed","ping_status":"closed","template":"","meta":{"_et_pb_use_builder":"on","_et_pb_old_content":"","_et_gb_content_width":"","footnotes":""},"class_list":["post-44","page","type-page","status-publish","hentry"],"_links":{"self":[{"href":"https:\/\/tulalu.ch\/index.php?rest_route=\/wp\/v2\/pages\/44","targetHints":{"allow":["GET"]}}],"collection":[{"href":"https:\/\/tulalu.ch\/index.php?rest_route=\/wp\/v2\/pages"}],"about":[{"href":"https:\/\/tulalu.ch\/index.php?rest_route=\/wp\/v2\/types\/page"}],"author":[{"embeddable":true,"href":"https:\/\/tulalu.ch\/index.php?rest_route=\/wp\/v2\/users\/1"}],"replies":[{"embeddable":true,"href":"https:\/\/tulalu.ch\/index.php?rest_route=%2Fwp%2Fv2%2Fcomments&post=44"}],"version-history":[{"count":45,"href":"https:\/\/tulalu.ch\/index.php?rest_route=\/wp\/v2\/pages\/44\/revisions"}],"predecessor-version":[{"id":2515,"href":"https:\/\/tulalu.ch\/index.php?rest_route=\/wp\/v2\/pages\/44\/revisions\/2515"}],"wp:attachment":[{"href":"https:\/\/tulalu.ch\/index.php?rest_route=%2Fwp%2Fv2%2Fmedia&parent=44"}],"curies":[{"name":"wp","href":"https:\/\/api.w.org\/{rel}","templated":true}]}}

<p>[et_pb_section fb_built=&#8221;1&#8243; _builder_version=&#8221;4.16&#8243; _module_preset=&#8221;default&#8221; global_colors_info=&#8221;{}&#8221;][et_pb_row column_structure=&#8221;3_4,1_4&#8243; _builder_version=&#8221;4.16&#8243; _module_preset=&#8221;default&#8221; global_colors_info=&#8221;{}&#8221;][et_pb_column type=&#8221;3_4&#8243; _builder_version=&#8221;4.16&#8243; _module_preset=&#8221;default&#8221; global_colors_info=&#8221;{}&#8221;][et_pb_text _builder_version=&#8221;4.27.6&#8243; _module_preset=&#8221;default&#8221; text_font=&#8221;||||||||&#8221; global_colors_info=&#8221;{}&#8221;]</p>
<h1><strong><span style="color: #333399;">Programme de septembre à décembre 2026<br /></span></strong></h1>
<p>[/et_pb_text][et_pb_text disabled_on=&#8221;off|off|off&#8221; _builder_version=&#8221;4.27.6&#8243; _module_preset=&#8221;default&#8221; global_colors_info=&#8221;{}&#8221;]</p>
<p><span style="color: #000080;"><b>Découvrez ici notre nouveau programme de septembre à décembre 2026. Au plaisir de vous retrouver à nos rencontres !</b></span></p>
<p>[/et_pb_text][/et_pb_column][et_pb_column type=&#8221;1_4&#8243; _builder_version=&#8221;4.16&#8243; _module_preset=&#8221;default&#8221; global_colors_info=&#8221;{}&#8221;][/et_pb_column][/et_pb_row][et_pb_row column_structure=&#8221;3_5,2_5&#8243; disabled_on=&#8221;off|off|off&#8221; _builder_version=&#8221;4.27.5&#8243; _module_preset=&#8221;default&#8221; global_colors_info=&#8221;{}&#8221;][et_pb_column type=&#8221;3_5&#8243; _builder_version=&#8221;4.27.0&#8243; _module_preset=&#8221;default&#8221; global_colors_info=&#8221;{}&#8221;][et_pb_text disabled_on=&#8221;off|off|off&#8221; _builder_version=&#8221;4.27.6&#8243; _module_preset=&#8221;default&#8221; hover_enabled=&#8221;0&#8243; global_colors_info=&#8221;{}&#8221; sticky_enabled=&#8221;0&#8243;]</p>
<h4><span style="color: #000080;"><strong>Jeudi 24 septembre 2026, 19 h</strong></span></h4>
<p><strong>Jeanne Perrin</strong> aborde les littératures de l’imaginaire et dévoile sa série <em>La Noire essence </em>(PVH éditions). Stéphane Bovon illustre l’échappée et Catherine Fattebert tient la barre.</p>
<p>O<em>ù ? : Musée de la Machine à Ecrire, Rue des Terreaux 18b, 1003 Lausanne (<a href="https://maps.app.goo.gl/9Guga35XzsbUd1SW9" target="_blank" rel="noopener">voir sur Google Maps</a>)</em></p>
<p>&nbsp;</p>
<p>&nbsp;</p>
<h4><span style="color: #000080;"><strong>Lundi 26 octobre 2026, 19 h</strong></span></h4>
<p>Nous partons en Afrique du Nord avec <strong>Lolvé Tillmanns</strong> et son roman <em>Colon ne s’écrit pas au féminin</em> (Cousu mouche, 2026). L’artiste visuelle Céline Burnand expose des images faisant écho au texte. Cyril Dépraz, journaliste et auteur du podcast « Nos esclaves », encadre la rencontre.</p>
<p><em>Où ? : Bibliomedia, Rue Dr César-Roux 34, 1005 Lausanne</em><em> </em><em>(<a href="https://maps.app.goo.gl/ngrPgDPRprnLoPt79" target="_blank" rel="noopener">voir sur Google Maps</a>)</em></p>
<p>&nbsp;</p>
<p>&nbsp;</p>
<h4><strong><span style="color: #000080;">Lundi 16 novembre 2026, 18 h 30</span></strong></h4>
<p>En partenariat avec le Centre de traduction littéraire de Lausanne, nous recevons l’écrivain et poète <strong>Francesco Micieli</strong> et son traducteur <strong>Christian Viredaz</strong>. Lucie Tardin évoque avec eux plusieurs œuvres qui les réunissent.</p>
<p><em>Où ? : Cercle littéraire de Lausanne, Pl. Saint-François 7, 1003 Lausanne </em><em>(<a href="https://maps.app.goo.gl/1n4qzW42781DD2SH8" target="_blank" rel="noopener">voir sur Google Maps</a>)</em></p>
<p>&nbsp;</p>
<p>&nbsp;</p>
<h4><span style="color: #000080;"><strong>Jeudi 10 décembre 2026, 18 h 30</strong></span></h4>
<p>Nous nous arrêtons chez C.F. Ramuz pour découvrir <em>Rouille</em> de <strong>Camille Leyvraz</strong> (La Veilleuse, 2025) et <em>Sillons</em> de <strong>Bertrand Schmid</strong> (La Baconnière, 2026). Salomé Kiner assure l’animation.</p>
<p><em>Où ? : La Muette – espaces littéraires, Chem. Davel 2, 1009 Pully</em><em> </em><em></em><em>(<a href="https://maps.app.goo.gl/Hv3JrpF2a8BTZyYj8" target="_blank" rel="noopener">voir sur Google Maps</a>)</em></p>
<p>[/et_pb_text][/et_pb_column][et_pb_column type=&#8221;2_5&#8243; _builder_version=&#8221;4.27.0&#8243; _module_preset=&#8221;default&#8221; global_colors_info=&#8221;{}&#8221;][et_pb_image src=&#8221;https://tulalu.ch/wp-content/uploads/2026/08/Jeanne-Perrin-copyright-Mario-Del-Curto.jpg&#8221; title_text=&#8221;Jeanne Perrin copyright Mario Del Curto&#8221; show_in_lightbox=&#8221;on&#8221; align=&#8221;center&#8221; disabled_on=&#8221;off|off|off&#8221; _builder_version=&#8221;4.27.6&#8243; _module_preset=&#8221;default&#8221; module_alignment=&#8221;center&#8221; height=&#8221;257px&#8221; custom_margin=&#8221;||6px|||&#8221; hover_enabled=&#8221;0&#8243; global_colors_info=&#8221;{}&#8221; sticky_enabled=&#8221;0&#8243;][/et_pb_image][et_pb_text disabled_on=&#8221;off|off|off&#8221; _builder_version=&#8221;4.27.6&#8243; _module_preset=&#8221;default&#8221; hover_enabled=&#8221;0&#8243; global_colors_info=&#8221;{}&#8221; sticky_enabled=&#8221;0&#8243;]</p>
<p style="text-align: center;">© Mario Del Curto</p>
<p>[/et_pb_text][et_pb_image src=&#8221;https://tulalu.ch/wp-content/uploads/2026/08/Lolve-Tillmanns-©-Jay-Louvion-DSCF0024-scaled-1.jpg&#8221; title_text=&#8221;Lolvé Tillmanns © Jay Louvion DSCF0024-scaled&#8221; show_in_lightbox=&#8221;on&#8221; align=&#8221;center&#8221; disabled_on=&#8221;off|off|off&#8221; _builder_version=&#8221;4.27.6&#8243; _module_preset=&#8221;default&#8221; height=&#8221;270px&#8221; custom_margin=&#8221;||6px|||&#8221; hover_enabled=&#8221;0&#8243; global_colors_info=&#8221;{}&#8221; sticky_enabled=&#8221;0&#8243;][/et_pb_image][et_pb_text disabled_on=&#8221;off|off|off&#8221; _builder_version=&#8221;4.27.6&#8243; _module_preset=&#8221;default&#8221; hover_enabled=&#8221;0&#8243; global_colors_info=&#8221;{}&#8221; sticky_enabled=&#8221;0&#8243;]</p>
<p style="text-align: center;">© Jay Louvion</p>
<p>[/et_pb_text][et_pb_image src=&#8221;https://tulalu.ch/wp-content/uploads/2026/08/Francesco-Micieli-P1100029-scaled.jpg&#8221; title_text=&#8221;Francesco Micieli P1100029&#8243; show_in_lightbox=&#8221;on&#8221; align=&#8221;center&#8221; _builder_version=&#8221;4.27.6&#8243; _module_preset=&#8221;default&#8221; height=&#8221;198px&#8221; custom_margin=&#8221;||12px|||&#8221; hover_enabled=&#8221;0&#8243; global_colors_info=&#8221;{}&#8221; width=&#8221;100%&#8221; max_width=&#8221;100%&#8221; sticky_enabled=&#8221;0&#8243;][/et_pb_image][et_pb_text _builder_version=&#8221;4.27.6&#8243; _module_preset=&#8221;default&#8221; custom_margin=&#8221;-2px|||||&#8221; hover_enabled=&#8221;0&#8243; global_colors_info=&#8221;{}&#8221; sticky_enabled=&#8221;0&#8243;]</p>
<p style="text-align: center;">© Keystone</p>
<p>[/et_pb_text][et_pb_image src=&#8221;https://tulalu.ch/wp-content/uploads/2026/08/Au-Marche-de-la-poesie-place-Saint-Sulpice-2026-06-07-Pascal-Cottin-scaled.jpg&#8221; title_text=&#8221;Au Marché de la poésie, place Saint-Sulpice, 2026-06-07 Pascal Cottin&#8221; show_in_lightbox=&#8221;on&#8221; align=&#8221;center&#8221; _builder_version=&#8221;4.27.6&#8243; _module_preset=&#8221;default&#8221; height=&#8221;261px&#8221; custom_margin=&#8221;||12px|||&#8221; hover_enabled=&#8221;0&#8243; locked=&#8221;off&#8221; global_colors_info=&#8221;{}&#8221; sticky_enabled=&#8221;0&#8243;][/et_pb_image][et_pb_text _builder_version=&#8221;4.27.6&#8243; _module_preset=&#8221;default&#8221; custom_margin=&#8221;-2px|||||&#8221; hover_enabled=&#8221;0&#8243; global_colors_info=&#8221;{}&#8221; sticky_enabled=&#8221;0&#8243;]</p>
<p style="text-align: center;">© Pascal Cottin</p>
<p>[/et_pb_text][et_pb_image src=&#8221;https://tulalu.ch/wp-content/uploads/2026/08/Camille-Leyvraz-3c1050d3-9cdc-414b-9fed-efa3ea80cb82-scaled.jpg&#8221; title_text=&#8221;Camille Leyvraz 3c1050d3-9cdc-414b-9fed-efa3ea80cb82&#8243; show_in_lightbox=&#8221;on&#8221; align=&#8221;center&#8221; _builder_version=&#8221;4.27.6&#8243; _module_preset=&#8221;default&#8221; height=&#8221;300px&#8221; custom_margin=&#8221;||12px|||&#8221; hover_enabled=&#8221;0&#8243; locked=&#8221;off&#8221; global_colors_info=&#8221;{}&#8221; sticky_enabled=&#8221;0&#8243;][/et_pb_image][et_pb_text _builder_version=&#8221;4.27.6&#8243; _module_preset=&#8221;default&#8221; custom_margin=&#8221;-2px|||||&#8221; hover_enabled=&#8221;0&#8243; global_colors_info=&#8221;{}&#8221; sticky_enabled=&#8221;0&#8243;]</p>
<p style="text-align: center;">© </p>
<p>[/et_pb_text][et_pb_image src=&#8221;https://tulalu.ch/wp-content/uploads/2026/08/Bertrand_Schmid_©-Anne-Bichsel-2016_1-scaled.jpg&#8221; title_text=&#8221;Bertrand_Schmid_© Anne Bichsel, 2016_1&#8243; show_in_lightbox=&#8221;on&#8221; align=&#8221;center&#8221; _builder_version=&#8221;4.27.6&#8243; _module_preset=&#8221;default&#8221; height=&#8221;243px&#8221; custom_margin=&#8221;||12px|||&#8221; hover_enabled=&#8221;0&#8243; locked=&#8221;off&#8221; global_colors_info=&#8221;{}&#8221; sticky_enabled=&#8221;0&#8243;][/et_pb_image][et_pb_text _builder_version=&#8221;4.27.6&#8243; _module_preset=&#8221;default&#8221; custom_margin=&#8221;-2px|||||&#8221; hover_enabled=&#8221;0&#8243; global_colors_info=&#8221;{}&#8221; sticky_enabled=&#8221;0&#8243;]</p>
<p style="text-align: center;">© Anne Bichsel</p>
<p>[/et_pb_text][/et_pb_column][/et_pb_row][/et_pb_section]</p>

<p>Programme de septembre à décembre 2026Découvrez ici notre nouveau programme de septembre à décembre 2026. Au plaisir de vous retrouver à nos rencontres !Jeudi 24 septembre 2026, 19 h Jeanne Perrin aborde les littératures de l’imaginaire et dévoile sa série La Noire essence (PVH éditions). Stéphane Bovon illustre l’échappée et Catherine Fattebert tient la barre. [&hellip;]</p>
